
{"id":1529,"date":"2021-05-19T08:36:47","date_gmt":"2021-05-19T06:36:47","guid":{"rendered":"https:\/\/przedszkole2.edu.wroclaw.pl\/?page_id=1529"},"modified":"2024-10-30T11:29:43","modified_gmt":"2024-10-30T10:29:43","slug":"program-nauczania","status":"publish","type":"page","link":"https:\/\/przedszkole2.edu.wroclaw.pl\/index.php\/program-nauczania\/","title":{"rendered":"Program nauczania"},"content":{"rendered":"<div class=\"wpb-content-wrapper\"><p>[vc_row][vc_column][vc_column_text css=&#8221;&#8221;]<strong>Przedszkolny zestaw program\u00f3w na rok szkolny 2024\/25.<\/strong><\/p>\n<ol>\n<li>Realizacja podstawy programowej wychowania przedszkolnego dla przedszkoli, oddzia\u0142\u00f3w przedszkolnych w szko\u0142ach oraz innych form wychowani przedszkolnego Rozporz\u0105dzenie Ministra Edukacji Narodowej z dnia 14 luty 2017.<\/li>\n<li>\u201eSamodzielne wszechstronne szcz\u0119\u015bliwe Program wychowania przedszkolnego\u201e Nowa Era autorki: Monika Chludzi\u0144ska, Agata Kacprzak-Ko\u0142akowska, Anna Kucharczyk, Dorota Kucharska Anna Paw\u0142owska-Niedba\u0142a, Marta Pietrzak, Agata Smoderek<\/li>\n<li>\u201eProgramy w\u0142asne realizowane w grupach dzieci3-6 lat:<\/li>\n<\/ol>\n<ul>\n<li>Program z zakresu edukacji przyrodniczo-ekologicznej \u201eW naszym Tajemniczym Ogrodzie poznajemy przyrod\u0119 co dzie\u0144 \u201d<\/li>\n<li>Program z zakresu edukacji zdrowotnej \u201e Dzieci z tajemniczego ogrodu \u017cyj\u0105 wed\u0142ug programu zdrowotnego\u201d<\/li>\n<li>Program wychowawczy \u201ePrawid\u0142owe funkcjonowanie dziecka w grupie w oparciu o wzmocnienia pozytywne\u201d<\/li>\n<li>Program edukacji patriotyczno-regionalnej \u201eMoja Ma\u0142a Ojczyzna- Wielka Sprawa\u201d<\/li>\n<li>Program edukacji czytelniczo- medialnej \u201eCzytaj, by pozna\u0107 \u015bwiat, niewa\u017cne ile masz lat\u201d<\/li>\n<\/ul>\n<ol start=\"4\">\n<li>Komisja Wychowania KatolickiegoKonferencji Episkopatu PolskiKomisja Wychowania KatolickiegoKonferencji Episkopatu Polski \u201eKOCHAMYDOBREGO BOGA\u201d Wprowadzenie w \u017cycie religijneProgram nauczania religii dzieciw wieku przedszkolnymNr AZ-0-01\/10- 3-5 latki K. Zegan, E. Kondrak, B. Nosek \u201eTAK dla JezusaProgram nauczania religii w przedszkolu\u201dNr AZ-0-01\/20- 5,6 latki.<\/li>\n<\/ol>\n<p>Przedszkolaki bior\u0105 aktywny udzia\u0142 w projektach i programach edukacyjnych np: &#8222;Edukacja w ruchu:, &#8222;Zdrowo i Sportowo&#8221;, &#8222;Gramy zmys\u0142ami&#8221;, &#8222;ABC Empatii&#8221;, &#8222;Kubusiowi Przyjaciel Natury&#8221;, &#8222;Sztuka emocji&#8221;&#8230;.[\/vc_column_text][\/vc_column][\/vc_row]<\/p>\n<\/div>","protected":false},"excerpt":{"rendered":"<p>[vc_row][vc_column][vc_column_text css=&#8221;&#8221;]Przedszkolny zestaw program\u00f3w na rok szkolny 2024\/25. Realizacja podstawy programowej wychowania przedszkolnego dla przedszkoli, oddzia\u0142\u00f3w przedszkolnych w szko\u0142ach oraz innych form wychowani przedszkolnego Rozporz\u0105dzenie Ministra Edukacji Narodowej z dnia [&hellip;]<\/p>\n","protected":false},"author":72,"featured_media":0,"parent":0,"menu_order":0,"comment_status":"closed","ping_status":"closed","template":"","meta":{"ngg_post_thumbnail":0,"footnotes":""},"class_list":["post-1529","page","type-page","status-publish","hentry","clearfix"],"_links":{"self":[{"href":"https:\/\/przedszkole2.edu.wroclaw.pl\/index.php\/wp-json\/wp\/v2\/pages\/1529","targetHints":{"allow":["GET"]}}],"collection":[{"href":"https:\/\/przedszkole2.edu.wroclaw.pl\/index.php\/wp-json\/wp\/v2\/pages"}],"about":[{"href":"https:\/\/przedszkole2.edu.wroclaw.pl\/index.php\/wp-json\/wp\/v2\/types\/page"}],"author":[{"embeddable":true,"href":"https:\/\/przedszkole2.edu.wroclaw.pl\/index.php\/wp-json\/wp\/v2\/users\/72"}],"replies":[{"embeddable":true,"href":"https:\/\/przedszkole2.edu.wroclaw.pl\/index.php\/wp-json\/wp\/v2\/comments?post=1529"}],"version-history":[{"count":8,"href":"https:\/\/przedszkole2.edu.wroclaw.pl\/index.php\/wp-json\/wp\/v2\/pages\/1529\/revisions"}],"predecessor-version":[{"id":8575,"href":"https:\/\/przedszkole2.edu.wroclaw.pl\/index.php\/wp-json\/wp\/v2\/pages\/1529\/revisions\/8575"}],"wp:attachment":[{"href":"https:\/\/przedszkole2.edu.wroclaw.pl\/index.php\/wp-json\/wp\/v2\/media?parent=1529"}],"curies":[{"name":"wp","href":"https:\/\/api.w.org\/{rel}","templated":true}]}}