
{"id":350,"date":"2020-03-30T11:39:08","date_gmt":"2020-03-30T09:39:08","guid":{"rendered":"https:\/\/przedszkole2.edu.wroclaw.pl\/?page_id=350"},"modified":"2023-04-25T13:48:55","modified_gmt":"2023-04-25T11:48:55","slug":"rekrutacja","status":"publish","type":"page","link":"https:\/\/przedszkole2.edu.wroclaw.pl\/index.php\/rekrutacja\/","title":{"rendered":"Wyniki rekrutacji"},"content":{"rendered":"<div class=\"wpb-content-wrapper\"><p>[vc_row][vc_column][vc_column_text]<\/p>\n<h1>2023\/2024<\/h1>\n<h1 class=\"entry-title\">REKRUTACJA \u2013 I ETAP<\/h1>\n<p>Lista kandydat\u00f3w zakwalifikowanych i niezakwalifikowanych dost\u0119pna jest na tablicy w holu przedszkola od dnia 21.04.2023 godz. 14.00<\/p>\n<p>Lista kandydat\u00f3w przyj\u0119tych i nieprzyj\u0119tych oraz lista wolnych miejsc do dalszego post\u0119powania rekrutacyjnego dost\u0119pna b\u0119dzie na tablicy w holu przedszkola od dnia 27.04.2023 godz. 14.00<\/p>\n<p>&nbsp;<\/p>\n<p>[\/vc_column_text][vc_column_text][\/vc_column_text][vc_column_text][\/vc_column_text][vc_column_text][\/vc_column_text][\/vc_column][\/vc_row]<\/p>\n<\/div>","protected":false},"excerpt":{"rendered":"<p>[vc_row][vc_column][vc_column_text] 2023\/2024 REKRUTACJA \u2013 I ETAP Lista kandydat\u00f3w zakwalifikowanych i niezakwalifikowanych dost\u0119pna jest na tablicy w holu przedszkola od dnia 21.04.2023 godz. 14.00 Lista kandydat\u00f3w przyj\u0119tych i nieprzyj\u0119tych oraz lista [&hellip;]<\/p>\n","protected":false},"author":39,"featured_media":0,"parent":0,"menu_order":0,"comment_status":"closed","ping_status":"closed","template":"","meta":{"ngg_post_thumbnail":0,"footnotes":""},"class_list":["post-350","page","type-page","status-publish","hentry","clearfix"],"_links":{"self":[{"href":"https:\/\/przedszkole2.edu.wroclaw.pl\/index.php\/wp-json\/wp\/v2\/pages\/350","targetHints":{"allow":["GET"]}}],"collection":[{"href":"https:\/\/przedszkole2.edu.wroclaw.pl\/index.php\/wp-json\/wp\/v2\/pages"}],"about":[{"href":"https:\/\/przedszkole2.edu.wroclaw.pl\/index.php\/wp-json\/wp\/v2\/types\/page"}],"author":[{"embeddable":true,"href":"https:\/\/przedszkole2.edu.wroclaw.pl\/index.php\/wp-json\/wp\/v2\/users\/39"}],"replies":[{"embeddable":true,"href":"https:\/\/przedszkole2.edu.wroclaw.pl\/index.php\/wp-json\/wp\/v2\/comments?post=350"}],"version-history":[{"count":62,"href":"https:\/\/przedszkole2.edu.wroclaw.pl\/index.php\/wp-json\/wp\/v2\/pages\/350\/revisions"}],"predecessor-version":[{"id":6582,"href":"https:\/\/przedszkole2.edu.wroclaw.pl\/index.php\/wp-json\/wp\/v2\/pages\/350\/revisions\/6582"}],"wp:attachment":[{"href":"https:\/\/przedszkole2.edu.wroclaw.pl\/index.php\/wp-json\/wp\/v2\/media?parent=350"}],"curies":[{"name":"wp","href":"https:\/\/api.w.org\/{rel}","templated":true}]}}